{"id":59,"date":"2008-01-21T15:24:29","date_gmt":"2008-01-21T13:24:29","guid":{"rendered":"http:\/\/www.prolocodeliceto.it\/zeroweb\/?page_id=59"},"modified":"2019-06-05T18:49:58","modified_gmt":"2019-06-05T17:49:58","slug":"servizio-civile","status":"publish","type":"page","link":"http:\/\/www.prolocodeliceto.it\/zeroweb\/?page_id=59","title":{"rendered":"Servizio Civile"},"content":{"rendered":"<p>Che cosa \u00e8 il Servizio Civile?<br \/>\nIl Servizio Civile \u00e8 una delle tante forme di Volontariato, istituito con<br \/>\nla Legge 64 del marzo 2001 ampliando la possibilit\u00e0 di prestare servizio civile, prevista dalla Legge 230\/98 in materia di obiezione di coscienza.<br \/>\nQuesta realt\u00e0 \u00e8 entrata a far parte anche nell\u2019Associazione Turistica Pro-Loco di Deliceto in collaborazione con l\u2019UNPLI (Unione Nazionale Pro Loco d\u2019Italia), \u00e8 questo ormai il quinto anno che i volontari prestano servizio nei locali della su detta sede in Corso Regina Margherita 57.<br \/>\nOgni anno vengono affidati ai volontari dei progetti da sviluppare nell\u2019arco di tempo in cui prestano servizio, questi ultimi sono differenti da zona a zona.<br \/>\nAi nostri ragazzi, dal 2005\/2006 sono stati affidati diversi compiti. Ai volontari del primo anno (Pina Marseglia e Maria Tina Del Tito), gli \u00e8 stato incaricato di svolgere uno studio che riguardasse \u201cla memoria che resta\u201de tale studio si \u00e8 orientato sul \u201cmatrimonio nel tempo\u201d, l\u2019anno successivo ( Loredana De Blasiis, Mariagrazia D\u2019Armiento e Pasquale Capano) si sono impegnati nello sviluppo di un progetto \u201cLe tradizioni in Puglia\u201d e in questo caso la scelta \u00e8 caduta su uno degli eventi cardine del nostro territorio ossia il \u201cNatale a Deliceto\u201d e come esso si sia modificato nel tempo.<br \/>\nNel 2007\/2008 i progetti erano due, uno affidato alla volontaria Bonuomo Carmen, riguardante un percorso di \u201carte e turismo dalle Murge al Gargano\u201d al riguardo \u00e8 stata realizzata una piantina turistica dell\u2019abitato di Deliceto, l\u2019altro \u00e8 stato affidato ai volontari Di Flumeri Anna e Tarallo Rocco, il quale prevedeva una ricerca sulle \u201carti e i mestieri nella storia della Daunia antica\u201d. Il lavoro realizzato ha riguardato la mietitura di una volta.<br \/>\nNel 2008\/2009 con i volontari:Domenico Freda, Pasqualina Miscia e Rocco Di Virgilio il progetto era il seguente:\u201ddalla preistoria alla storia-siti e monumenti della Provincia di Foggia\u201d, un\u2019 interessante lavoro di ricerca che \u00e8 valso il secondo premio a livello regionale con il progetto: \u201dCome tessere in un puzzle\u201d.<\/p>\n","protected":false},"excerpt":{"rendered":"<p>Che cosa \u00e8 il Servizio Civile? Il Servizio Civile \u00e8 una delle tante forme di Volontariato, istituito con la Legge 64 del marzo 2001 ampliando la possibilit\u00e0 di prestare servizio civile, prevista dalla Legge 230\/98 in materia di obiezione di coscienza. Questa realt\u00e0 \u00e8 entrata a far parte anche nell\u2019Associazione Turistica Pro-Loco di Deliceto in [&hellip;]<\/p>\n","protected":false},"author":2,"featured_media":0,"parent":0,"menu_order":12,"comment_status":"closed","ping_status":"closed","template":"","meta":[],"_links":{"self":[{"href":"http:\/\/www.prolocodeliceto.it\/zeroweb\/index.php?rest_route=\/wp\/v2\/pages\/59"}],"collection":[{"href":"http:\/\/www.prolocodeliceto.it\/zeroweb\/index.php?rest_route=\/wp\/v2\/pages"}],"about":[{"href":"http:\/\/www.prolocodeliceto.it\/zeroweb\/index.php?rest_route=\/wp\/v2\/types\/page"}],"author":[{"embeddable":true,"href":"http:\/\/www.prolocodeliceto.it\/zeroweb\/index.php?rest_route=\/wp\/v2\/users\/2"}],"replies":[{"embeddable":true,"href":"http:\/\/www.prolocodeliceto.it\/zeroweb\/index.php?rest_route=%2Fwp%2Fv2%2Fcomments&post=59"}],"version-history":[{"count":5,"href":"http:\/\/www.prolocodeliceto.it\/zeroweb\/index.php?rest_route=\/wp\/v2\/pages\/59\/revisions"}],"predecessor-version":[{"id":23894,"href":"http:\/\/www.prolocodeliceto.it\/zeroweb\/index.php?rest_route=\/wp\/v2\/pages\/59\/revisions\/23894"}],"wp:attachment":[{"href":"http:\/\/www.prolocodeliceto.it\/zeroweb\/index.php?rest_route=%2Fwp%2Fv2%2Fmedia&parent=59"}],"curies":[{"name":"wp","href":"https:\/\/api.w.org\/{rel}","templated":true}]}}